{"id":7639,"date":"2024-12-05T23:09:45","date_gmt":"2024-12-06T02:09:45","guid":{"rendered":"https:\/\/museudasculturasindigenas.org.br\/acervo-online\/?page_id=7639"},"modified":"2025-06-26T15:08:26","modified_gmt":"2025-06-26T18:08:26","slug":"home","status":"publish","type":"page","link":"https:\/\/museudasculturasindigenas.org.br\/acervo-online\/","title":{"rendered":"Home"},"content":{"rendered":"\n<div class=\"wp-block-group alignfull is-layout-constrained wp-block-group-is-layout-constrained\">\n<div class=\"wp-block-cover alignfull\" style=\"margin-top:0;min-height:40vw;aspect-ratio:unset;\"><img loading=\"lazy\" decoding=\"async\" width=\"1902\" height=\"722\" class=\"wp-block-cover__image-background wp-image-12294\" alt=\"\" src=\"https:\/\/museudasculturasindigenas.org.br\/acervo-online\/wp-content\/uploads\/2024\/12\/banner-acervo-2.jpg\" data-object-fit=\"cover\" srcset=\"https:\/\/museudasculturasindigenas.org.br\/acervo-online\/wp-content\/uploads\/2024\/12\/banner-acervo-2.jpg 1902w, https:\/\/museudasculturasindigenas.org.br\/acervo-online\/wp-content\/uploads\/2024\/12\/banner-acervo-2-300x114.jpg 300w, https:\/\/museudasculturasindigenas.org.br\/acervo-online\/wp-content\/uploads\/2024\/12\/banner-acervo-2-1024x389.jpg 1024w, https:\/\/museudasculturasindigenas.org.br\/acervo-online\/wp-content\/uploads\/2024\/12\/banner-acervo-2-768x292.jpg 768w, https:\/\/museudasculturasindigenas.org.br\/acervo-online\/wp-content\/uploads\/2024\/12\/banner-acervo-2-1536x583.jpg 1536w, https:\/\/museudasculturasindigenas.org.br\/acervo-online\/wp-content\/uploads\/2024\/12\/banner-acervo-2-205x78.jpg 205w, https:\/\/museudasculturasindigenas.org.br\/acervo-online\/wp-content\/uploads\/2024\/12\/banner-acervo-2-480x182.jpg 480w\" sizes=\"auto, (max-width: 1902px) 100vw, 1902px\" \/><span aria-hidden=\"true\" class=\"wp-block-cover__background has-black-background-color has-background-dim-0 has-background-dim\"><\/span><div class=\"wp-block-cover__inner-container is-layout-flow wp-block-cover-is-layout-flow\">\n<div style=\"height:50px\" aria-hidden=\"true\" class=\"wp-block-spacer\"><\/div>\n<\/div><\/div>\n<\/div>\n\n\n\n<div style=\"height:40px\" aria-hidden=\"true\" class=\"wp-block-spacer\"><\/div>\n\n\n\n<div class=\"wp-block-columns is-layout-flex wp-container-core-columns-is-layout-28f84493 wp-block-columns-is-layout-flex\">\n<div class=\"wp-block-column is-layout-flow wp-block-column-is-layout-flow\">\n<figure class=\"wp-block-image size-full\"><img loading=\"lazy\" decoding=\"async\" width=\"500\" height=\"500\" src=\"https:\/\/museudasculturasindigenas.org.br\/acervo-online\/wp-content\/uploads\/2024\/12\/sobre-acervo.jpg\" alt=\"\" class=\"wp-image-12305\" srcset=\"https:\/\/museudasculturasindigenas.org.br\/acervo-online\/wp-content\/uploads\/2024\/12\/sobre-acervo.jpg 500w, https:\/\/museudasculturasindigenas.org.br\/acervo-online\/wp-content\/uploads\/2024\/12\/sobre-acervo-300x300.jpg 300w, https:\/\/museudasculturasindigenas.org.br\/acervo-online\/wp-content\/uploads\/2024\/12\/sobre-acervo-150x150.jpg 150w, https:\/\/museudasculturasindigenas.org.br\/acervo-online\/wp-content\/uploads\/2024\/12\/sobre-acervo-40x40.jpg 40w, https:\/\/museudasculturasindigenas.org.br\/acervo-online\/wp-content\/uploads\/2024\/12\/sobre-acervo-275x275.jpg 275w, https:\/\/museudasculturasindigenas.org.br\/acervo-online\/wp-content\/uploads\/2024\/12\/sobre-acervo-205x205.jpg 205w, https:\/\/museudasculturasindigenas.org.br\/acervo-online\/wp-content\/uploads\/2024\/12\/sobre-acervo-480x480.jpg 480w\" sizes=\"auto, (max-width: 500px) 100vw, 500px\" \/><\/figure>\n<\/div>\n\n\n\n<div class=\"wp-block-column is-layout-flow wp-block-column-is-layout-flow\">\n<h2 class=\"wp-block-heading\">Sobre o acervo<\/h2>\n\n\n\n<div class=\"wp-block-columns is-layout-flex wp-container-core-columns-is-layout-28f84493 wp-block-columns-is-layout-flex\">\n<div class=\"wp-block-column is-layout-flow wp-block-column-is-layout-flow\" style=\"flex-basis:33.33%\">\n<figure class=\"wp-block-image alignleft size-full is-resized\"><img loading=\"lazy\" decoding=\"async\" width=\"302\" height=\"125\" src=\"https:\/\/museudasculturasindigenas.org.br\/acervo-online\/wp-content\/uploads\/2024\/12\/detalhe.png\" alt=\"\" class=\"wp-image-12321\" style=\"width:95px\" srcset=\"https:\/\/museudasculturasindigenas.org.br\/acervo-online\/wp-content\/uploads\/2024\/12\/detalhe.png 302w, https:\/\/museudasculturasindigenas.org.br\/acervo-online\/wp-content\/uploads\/2024\/12\/detalhe-300x124.png 300w, https:\/\/museudasculturasindigenas.org.br\/acervo-online\/wp-content\/uploads\/2024\/12\/detalhe-205x85.png 205w\" sizes=\"auto, (max-width: 302px) 100vw, 302px\" \/><\/figure>\n<\/div>\n\n\n\n<div class=\"wp-block-column is-layout-flow wp-block-column-is-layout-flow\" style=\"flex-basis:66.66%\"><\/div>\n<\/div>\n\n\n\n<p>O Museu das Culturas Ind\u00edgenas tem a miss\u00e3o de preservar, pesquisar e comunicar seu acervo selecionado do patrim\u00f4nio material e imaterial de povos origin\u00e1rios do Brasil, incluindo arte contempor\u00e2nea, para aprecia\u00e7\u00e3o, entretenimento, educa\u00e7\u00e3o, reflex\u00e3o e conhecimento, contribuindo com direitos e qualidade de vida de povos ind\u00edgenas e com a sustentabilidade nas rela\u00e7\u00f5es entre indiv\u00edduos, grupos, sociedade e natureza.<\/p>\n\n\n\n<p>Por meio de um criterioso trabalho de pesquisa e colabora\u00e7\u00e3o com as comunidades ind\u00edgenas, o museu busca manter viva a heran\u00e7a cultural dos povos origin\u00e1rios, preservando tradi\u00e7\u00f5es e promovendo o di\u00e1logo intercultural.<\/p>\n\n\n\n<p>Al\u00e9m de ser um espa\u00e7o de mem\u00f3ria e aprendizado, o Museu promove a valoriza\u00e7\u00e3o e a visibilidade dos povos ind\u00edgenas, convidando os visitantes a refletir sobre a import\u00e2ncia do respeito \u00e0 diversidade cultural. <\/p>\n<\/div>\n<\/div>\n\n\n\n<div class=\"wp-block-columns is-layout-flex wp-container-core-columns-is-layout-28f84493 wp-block-columns-is-layout-flex\">\n<div class=\"wp-block-column is-layout-flow wp-block-column-is-layout-flow\">\n<div style=\"height:40px\" aria-hidden=\"true\" class=\"wp-block-spacer\"><\/div>\n<\/div>\n<\/div>\n\n\n\n<h2 class=\"wp-block-heading has-text-align-center\">Conhe\u00e7a as cole\u00e7\u00f5es<\/h2>\n\n\n\n<figure class=\"wp-block-image size-full is-resized\"><img loading=\"lazy\" decoding=\"async\" width=\"302\" height=\"125\" src=\"https:\/\/museudasculturasindigenas.org.br\/acervo-online\/wp-content\/uploads\/2024\/12\/detalhe.png\" alt=\"\" class=\"wp-image-12321\" style=\"width:95px\" srcset=\"https:\/\/museudasculturasindigenas.org.br\/acervo-online\/wp-content\/uploads\/2024\/12\/detalhe.png 302w, https:\/\/museudasculturasindigenas.org.br\/acervo-online\/wp-content\/uploads\/2024\/12\/detalhe-300x124.png 300w, https:\/\/museudasculturasindigenas.org.br\/acervo-online\/wp-content\/uploads\/2024\/12\/detalhe-205x85.png 205w\" sizes=\"auto, (max-width: 302px) 100vw, 302px\" \/><\/figure>\n\n\n\n<div style=\"height:20px\" aria-hidden=\"true\" class=\"wp-block-spacer\"><\/div>\n\n\n\n<div class=\"wp-block-columns is-layout-flex wp-container-core-columns-is-layout-28f84493 wp-block-columns-is-layout-flex\">\n<div class=\"wp-block-column has-white-color has-text-color has-background has-link-color wp-elements-bc5980f2547a1589f6caa3a3cb2fe307 is-layout-flow wp-container-core-column-is-layout-f3c7fa73 wp-block-column-is-layout-flow\" style=\"border-style:none;border-width:0px;background-color:#f2eff2;padding-top:0;padding-bottom:0\">\n<figure class=\"wp-block-image size-full is-style-default\"><img loading=\"lazy\" decoding=\"async\" width=\"492\" height=\"148\" src=\"https:\/\/museudasculturasindigenas.org.br\/acervo-online\/wp-content\/uploads\/2024\/12\/topo-05-2.jpg\" alt=\"\" class=\"wp-image-12335\" srcset=\"https:\/\/museudasculturasindigenas.org.br\/acervo-online\/wp-content\/uploads\/2024\/12\/topo-05-2.jpg 492w, https:\/\/museudasculturasindigenas.org.br\/acervo-online\/wp-content\/uploads\/2024\/12\/topo-05-2-300x90.jpg 300w, https:\/\/museudasculturasindigenas.org.br\/acervo-online\/wp-content\/uploads\/2024\/12\/topo-05-2-205x62.jpg 205w, https:\/\/museudasculturasindigenas.org.br\/acervo-online\/wp-content\/uploads\/2024\/12\/topo-05-2-480x144.jpg 480w\" sizes=\"auto, (max-width: 492px) 100vw, 492px\" \/><\/figure>\n\n\n\n<h3 class=\"wp-block-heading has-text-color has-link-color wp-elements-dce1af84b2a86a8d8f21b649dd872554\" style=\"border-style:none;border-width:0px;border-radius:0px;color:#212529;padding-top:0px;padding-right:25px;padding-bottom:0px;padding-left:25px\"><br>Cole\u00e7\u00e3o Bibliogr\u00e1fica<\/h3>\n\n\n\n<p class=\"has-text-color has-link-color wp-elements-ec9f24561a8f9e0c1ee269e50a67e840\" style=\"color:#212529;padding-top:20px;padding-right:25px;padding-bottom:20px;padding-left:25px\">Acesse a p\u00e1gina e confira nossa cole\u00e7\u00e3o bibliogr\u00e1fica.<\/p>\n\n\n\n<div class=\"wp-block-buttons is-content-justification-center is-layout-flex wp-container-core-buttons-is-layout-84a903f6 wp-block-buttons-is-layout-flex\" style=\"margin-top:var(--wp--preset--spacing--30);margin-bottom:var(--wp--preset--spacing--30);padding-top:0px;padding-right:0;padding-bottom:0px;padding-left:0\">\n<div class=\"wp-block-button\"><a class=\"wp-block-button__link has-default-background-color has-background wp-element-button\" href=\"https:\/\/museudasculturasindigenas.org.br\/acervo-online\/colecao-bibliografica\/\">Acessar a p\u00e1gina da cole\u00e7\u00e3o<\/a><\/div>\n<\/div>\n\n\n\n<div style=\"height:15px\" aria-hidden=\"true\" class=\"wp-block-spacer\"><\/div>\n<\/div>\n\n\n\n<div class=\"wp-block-column has-white-color has-text-color has-background has-link-color wp-elements-285baa80336753e3a5d3b218271a2c80 is-layout-flow wp-container-core-column-is-layout-f3c7fa73 wp-block-column-is-layout-flow\" style=\"border-style:none;border-width:0px;background-color:#f2eff2;padding-top:0;padding-bottom:0\">\n<figure class=\"wp-block-gallery has-nested-images columns-default is-cropped wp-block-gallery-1 is-layout-flex wp-block-gallery-is-layout-flex\">\n<figure class=\"wp-block-image size-full\"><img loading=\"lazy\" decoding=\"async\" width=\"492\" height=\"148\" data-id=\"12334\" src=\"https:\/\/museudasculturasindigenas.org.br\/acervo-online\/wp-content\/uploads\/2024\/12\/topo-02-2.jpg\" alt=\"\" class=\"wp-image-12334\" srcset=\"https:\/\/museudasculturasindigenas.org.br\/acervo-online\/wp-content\/uploads\/2024\/12\/topo-02-2.jpg 492w, https:\/\/museudasculturasindigenas.org.br\/acervo-online\/wp-content\/uploads\/2024\/12\/topo-02-2-300x90.jpg 300w, https:\/\/museudasculturasindigenas.org.br\/acervo-online\/wp-content\/uploads\/2024\/12\/topo-02-2-205x62.jpg 205w, https:\/\/museudasculturasindigenas.org.br\/acervo-online\/wp-content\/uploads\/2024\/12\/topo-02-2-480x144.jpg 480w\" sizes=\"auto, (max-width: 492px) 100vw, 492px\" \/><\/figure>\n<\/figure>\n\n\n\n<h3 class=\"wp-block-heading has-text-color has-link-color wp-elements-8578d4788250e37e67cf24a0847e462f\" style=\"border-style:none;border-width:0px;border-radius:0px;color:#212529;padding-top:0px;padding-right:25px;padding-bottom:0px;padding-left:25px\"><br>Cole\u00e7\u00e3o Did\u00e1tica<\/h3>\n\n\n\n<p class=\"has-text-color has-link-color wp-elements-e2e469a28acf82f28defb7c993ba7509\" style=\"color:#212529;padding-top:20px;padding-right:25px;padding-bottom:20px;padding-left:25px\">Acesse a p\u00e1gina e confira nossa cole\u00e7\u00e3o did\u00e1tica.<\/p>\n\n\n\n<div class=\"wp-block-buttons is-content-justification-center is-layout-flex wp-container-core-buttons-is-layout-84a903f6 wp-block-buttons-is-layout-flex\" style=\"margin-top:var(--wp--preset--spacing--30);margin-bottom:var(--wp--preset--spacing--30);padding-top:0px;padding-right:0;padding-bottom:0px;padding-left:0\">\n<div class=\"wp-block-button\"><a class=\"wp-block-button__link has-default-background-color has-background wp-element-button\" href=\"https:\/\/museudasculturasindigenas.org.br\/acervo-online\/colecao-didatica\/\">Acessar a p\u00e1gina da cole\u00e7\u00e3o<\/a><\/div>\n<\/div>\n\n\n\n<div style=\"height:15px\" aria-hidden=\"true\" class=\"wp-block-spacer\"><\/div>\n<\/div>\n\n\n\n<div class=\"wp-block-column has-white-color has-text-color has-background has-link-color wp-elements-e46ebf6632bcf5a06f2e0a73162fbc7e is-layout-flow wp-container-core-column-is-layout-f3c7fa73 wp-block-column-is-layout-flow\" style=\"border-style:none;border-width:0px;background-color:#f2eff2;padding-top:0;padding-bottom:0\">\n<figure class=\"wp-block-image size-full is-style-default\"><img loading=\"lazy\" decoding=\"async\" width=\"492\" height=\"148\" src=\"https:\/\/museudasculturasindigenas.org.br\/acervo-online\/wp-content\/uploads\/2024\/12\/topo-03-2.jpg\" alt=\"\" class=\"wp-image-12336\" srcset=\"https:\/\/museudasculturasindigenas.org.br\/acervo-online\/wp-content\/uploads\/2024\/12\/topo-03-2.jpg 492w, https:\/\/museudasculturasindigenas.org.br\/acervo-online\/wp-content\/uploads\/2024\/12\/topo-03-2-300x90.jpg 300w, https:\/\/museudasculturasindigenas.org.br\/acervo-online\/wp-content\/uploads\/2024\/12\/topo-03-2-205x62.jpg 205w, https:\/\/museudasculturasindigenas.org.br\/acervo-online\/wp-content\/uploads\/2024\/12\/topo-03-2-480x144.jpg 480w\" sizes=\"auto, (max-width: 492px) 100vw, 492px\" \/><\/figure>\n\n\n\n<h3 class=\"wp-block-heading has-text-color has-link-color wp-elements-ee3f8522291daf0f4e794f63175bf948\" style=\"border-style:none;border-width:0px;border-radius:0px;color:#212529;padding-top:0px;padding-right:25px;padding-bottom:0px;padding-left:25px\"><br>Associa\u00e7\u00f5es Ind\u00edgenas<\/h3>\n\n\n\n<p class=\"has-text-color has-link-color wp-elements-a65dffd72f93bb02406499570be73a1f\" style=\"color:#212529;padding-top:20px;padding-right:25px;padding-bottom:20px;padding-left:25px\">Acesse a p\u00e1gina e confira as associa\u00e7\u00f5es ind\u00edgenas de SP.<\/p>\n\n\n\n<div class=\"wp-block-buttons is-content-justification-center is-layout-flex wp-container-core-buttons-is-layout-84a903f6 wp-block-buttons-is-layout-flex\" style=\"margin-top:var(--wp--preset--spacing--30);margin-bottom:var(--wp--preset--spacing--30);padding-top:0px;padding-right:0;padding-bottom:0px;padding-left:0\">\n<div class=\"wp-block-button is-style-fill\"><a class=\"wp-block-button__link has-default-background-color has-background wp-element-button\" href=\"https:\/\/museudasculturasindigenas.org.br\/acervo-online\/associacoes-indigenas-sp\/\">Acessar a p\u00e1gina da cole\u00e7\u00e3o<\/a><\/div>\n<\/div>\n\n\n\n<div style=\"height:15px\" aria-hidden=\"true\" class=\"wp-block-spacer\"><\/div>\n<\/div>\n<\/div>\n\n\n\n<div style=\"height:40px\" aria-hidden=\"true\" class=\"wp-block-spacer\"><\/div>\n\n\n\n<div class=\"wp-block-columns is-layout-flex wp-container-core-columns-is-layout-28f84493 wp-block-columns-is-layout-flex\">\n<div class=\"wp-block-column has-white-color has-text-color has-background has-link-color wp-elements-f510f6cf30210ecd32b77a5a96c593ea is-layout-flow wp-container-core-column-is-layout-f3c7fa73 wp-block-column-is-layout-flow\" style=\"border-style:none;border-width:0px;background-color:#f2eff2;padding-top:0;padding-bottom:0\">\n<figure class=\"wp-block-image size-full is-style-default\"><img loading=\"lazy\" decoding=\"async\" width=\"492\" height=\"148\" src=\"https:\/\/museudasculturasindigenas.org.br\/acervo-online\/wp-content\/uploads\/2024\/12\/topo-04-2.jpg\" alt=\"\" class=\"wp-image-12337\" srcset=\"https:\/\/museudasculturasindigenas.org.br\/acervo-online\/wp-content\/uploads\/2024\/12\/topo-04-2.jpg 492w, https:\/\/museudasculturasindigenas.org.br\/acervo-online\/wp-content\/uploads\/2024\/12\/topo-04-2-300x90.jpg 300w, https:\/\/museudasculturasindigenas.org.br\/acervo-online\/wp-content\/uploads\/2024\/12\/topo-04-2-205x62.jpg 205w, https:\/\/museudasculturasindigenas.org.br\/acervo-online\/wp-content\/uploads\/2024\/12\/topo-04-2-480x144.jpg 480w\" sizes=\"auto, (max-width: 492px) 100vw, 492px\" \/><\/figure>\n\n\n\n<h3 class=\"wp-block-heading has-text-color has-link-color wp-elements-4ef4cc84fb07ac9a1b2f3055892556f8\" style=\"border-style:none;border-width:0px;border-radius:0px;color:#212529;padding-top:0px;padding-right:25px;padding-bottom:0px;padding-left:25px\"><br>Pessoas &#8211; Refer\u00eancia<\/h3>\n\n\n\n<p class=\"has-text-color has-link-color wp-elements-852261cfe9437d616439e6d568674349\" style=\"color:#212529;padding-top:20px;padding-right:25px;padding-bottom:20px;padding-left:25px\">Acesse a p\u00e1gina e confira a cole\u00e7\u00e3o de pessoas e refer\u00eancia.<\/p>\n\n\n\n<div class=\"wp-block-buttons is-content-justification-center is-layout-flex wp-container-core-buttons-is-layout-84a903f6 wp-block-buttons-is-layout-flex\" style=\"margin-top:var(--wp--preset--spacing--30);margin-bottom:var(--wp--preset--spacing--30);padding-top:0px;padding-right:0;padding-bottom:0px;padding-left:0\">\n<div class=\"wp-block-button\"><a class=\"wp-block-button__link has-default-background-color has-background wp-element-button\" href=\"https:\/\/museudasculturasindigenas.org.br\/acervo-online\/pessoas-referencia\/\">Acessar a p\u00e1gina da cole\u00e7\u00e3o<\/a><\/div>\n<\/div>\n\n\n\n<div style=\"height:15px\" aria-hidden=\"true\" class=\"wp-block-spacer\"><\/div>\n<\/div>\n\n\n\n<div class=\"wp-block-column has-white-color has-text-color has-link-color wp-elements-5b0c8b8dd568226c131764b37d23bcaa is-layout-flow wp-container-core-column-is-layout-f3c7fa73 wp-block-column-is-layout-flow\" style=\"border-style:none;border-width:0px;padding-top:0;padding-bottom:0\">\n<p><\/p>\n<\/div>\n\n\n\n<div class=\"wp-block-column is-layout-flow wp-block-column-is-layout-flow\"><\/div>\n<\/div>\n\n\n\n<div style=\"height:100px\" aria-hidden=\"true\" class=\"wp-block-spacer\"><\/div>\n","protected":false},"excerpt":{"rendered":"<p>Sobre o acervo O Museu das Culturas Ind\u00edgenas tem a miss\u00e3o de preservar, pesquisar e comunicar seu acervo selecionado do patrim\u00f4nio material e imaterial de povos origin\u00e1rios do Brasil, incluindo arte contempor\u00e2nea, para aprecia\u00e7\u00e3o, entretenimento, educa\u00e7\u00e3o, reflex\u00e3o e conhecimento, contribuindo com direitos e qualidade de vida de povos ind\u00edgenas e com a sustentabilidade nas rela\u00e7\u00f5es [&hellip;]<\/p>\n","protected":false},"author":1,"featured_media":12294,"parent":0,"menu_order":0,"comment_status":"closed","ping_status":"closed","template":"page-templates\/landing.php","meta":{"footnotes":""},"class_list":["post-7639","page","type-page","status-publish","has-post-thumbnail","hentry"],"_links":{"self":[{"href":"https:\/\/museudasculturasindigenas.org.br\/acervo-online\/wp-json\/wp\/v2\/pages\/7639","targetHints":{"allow":["GET"]}}],"collection":[{"href":"https:\/\/museudasculturasindigenas.org.br\/acervo-online\/wp-json\/wp\/v2\/pages"}],"about":[{"href":"https:\/\/museudasculturasindigenas.org.br\/acervo-online\/wp-json\/wp\/v2\/types\/page"}],"author":[{"embeddable":true,"href":"https:\/\/museudasculturasindigenas.org.br\/acervo-online\/wp-json\/wp\/v2\/users\/1"}],"replies":[{"embeddable":true,"href":"https:\/\/museudasculturasindigenas.org.br\/acervo-online\/wp-json\/wp\/v2\/comments?post=7639"}],"version-history":[{"count":67,"href":"https:\/\/museudasculturasindigenas.org.br\/acervo-online\/wp-json\/wp\/v2\/pages\/7639\/revisions"}],"predecessor-version":[{"id":13223,"href":"https:\/\/museudasculturasindigenas.org.br\/acervo-online\/wp-json\/wp\/v2\/pages\/7639\/revisions\/13223"}],"wp:featuredmedia":[{"embeddable":true,"href":"https:\/\/museudasculturasindigenas.org.br\/acervo-online\/wp-json\/wp\/v2\/media\/12294"}],"wp:attachment":[{"href":"https:\/\/museudasculturasindigenas.org.br\/acervo-online\/wp-json\/wp\/v2\/media?parent=7639"}],"curies":[{"name":"wp","href":"https:\/\/api.w.org\/{rel}","templated":true}]}}